 prime factors of n?
5, 37
What are the prime factors of 9059*(6 - 3)/3*(-8)/(-8)?
9059
List the prime factors of (-8 - (-129)/15)*(-10)/(-3) + 6558.
2, 5, 41
Let f(d) = -d**3 + 7*d**2 + 25*d - 3. Let y be f(13). Let i = y + 977. What are the prime factors of i?
3, 5, 19
Let i = -90 - -19. Let h be (8 - 9)*(-48 + 3 + -11). Let n = h - i. What are the prime factors of n?
127
Let i(o) = 1122*o - 89. List the prime factors of i(20).
7, 31, 103
Let q be 9/(-15) + (-21492)/(-20) + -1. Let k = q - 701. List the prime factors of k.
2, 3, 31
Let l(g) = 54*g - 131. Let q be l(7). Let d = 384 - q. What are the prime factors of d?
137
Let t(h) = -13*h**3 - 7*h**2 + 7*h - 54. List the prime factors of t(-9).
3, 977
Suppose -21542 = -17*g + 56845. Let o = g - 3289. List the prime factors of o.
2, 661
List the prime factors of 67 - 61 - (0 - 25189)*1.
5, 5039
Suppose 0 = -18*c + 15*c - 3. What are the prime factors of 4616/10 - 2*c/5?
2, 3, 7, 11
Suppose -468*a + 634*a - 7524614 = 0. What are the prime factors of a?
45329
Let m(h) = h**3 - 6*h**2 + 11*h - 5. Let y be m(4). Suppose y*c + 1952 = 15*c. List the prime factors of c.
2, 61
Let c = 94 - 85. Suppose 24 = 5*j + c. Suppose 6 = j*y - 27. What are the prime factors of y?
11
Let v(c) = -c - 1. Let x(t) = t. Let n(z) = -v(z) + 3*x(z). Let b be n(-2). Let q(m) = -10*m - 10. List the prime factors of q(b).
2, 3, 5
Suppose 2*d + 376 = -2*d - b, -4*d + b - 368 = 0. Let l = d + 255. List the prime factors of l.
2, 3
Let z be 0/2 - 8/2. Let n(x) = -x. Let s be n(z). Suppose -2*r = s*r - 42. List the prime factors of r.
7
Suppose 3*n + 2*k + 18 = 0, 4*n + 2*k = 5*k - 24. Let i = 8 - n. Suppose 13*u = i*u - 100. What are the prime factors of u?
2, 5
Suppose 0 = 2107*s - 2171*s + 2947520. List the prime factors of s.
5, 61, 151
Suppose f - 4*b - 22162 = 0, -333*f + 330*f + 66476 = -2*b. List the prime factors of f.
2, 3, 1231
Let v(z) = -109*z**3 - 10*z. Let o be v(3). Let i = o - -4458. List the prime factors of i.
3, 5, 11
Let m(x) = 3*x + 31. Let v be m(12). Suppose 4*y + 114 = y. Let z = v + y. List the prime factors of z.
29
Suppose 0 = -14*t + 15820 + 8988. Suppose 4*u - t = 212. List the prime factors of u.
2, 31
Let a(h) = 2*h**2 + 4*h + 17. Let t = 3 - -5. Let m(s) = 5*s**2 + 12*s + 52. Let v(y) = t*a(y) - 3*m(y). List the prime factors of v(14).
2, 3, 5
Let x be (6/30 + 1)/(2/5). What are the prime factors of (x/(-2 + 1))/(84/(-2044))?
73
Suppose -4*u - 5 = -5*s, 3*u - 49 = -3*s - 19. Suppose -u*a = 4*z - 1061, 0 = -5*z - a - 605 + 1926. List the prime factors of z.
2, 3, 11
Let n be 21 + (-16 - -1)/5. Suppose -19*o - n = -21*o. Suppose -o*b + 163 + 1232 = 0. What are the prime factors of b?
5, 31
Let j(p) = 86*p**2 - 7*p + 2. Let c be j(4). Suppose -6 = -2*f - 8, m - f - c = 0. List the prime factors of m.
19, 71
Let l = 322 - 310. Suppose -6*o - l*o = -15156. What are the prime factors of o?
2, 421
Let l(n) = -n**2 - 13*n - 34. Let b be l(-7). Suppose 2*r - 26 = -0*r. Suppose 0 = b*i - r*i + 180. What are the prime factors of i?
2, 3
Suppose -5*b = r - 322, 0 = 5*b - 3*r + 2*r - 328. Let d = b + 166. Suppose 3*a - 353 = -2*o, o - a = d - 42. What are the prime factors of o?
2, 23
Let l(b) = -6*b - 42. Let n be l(-8). Let k be (-39 + -1)*(-16)/10. Suppose v = 2*o + 19, -n*v + 5*o + k = -2*v. What are the prime factors of v?
11
Let p be 6/4 + -2 + 3/2. Let g = -29 - p. What are the prime factors of 5/g*-2 + (-406)/(-6)?
2, 17
Suppose n + t = -t + 101, -5*n - 4*t = -499. Suppose 8*z - 6*z = 2*x - 198, -3*z - n = -x. List the prime factors of x.
3, 11
Suppose 0 = 3*u + h - 13 - 24, -4*u + 2*h + 36 = 0. Suppose -u*n + 1454 + 1054 = 0. Let s = n + -31. List the prime factors of s.
197
Let j = 32 - 31. Let g be 7 + j*(-4)/(-4). Suppose 343 = 4*y + 3*q + 85, 0 = -4*q - g. List the prime factors of y.
2, 3, 11
Suppose -694497 - 493927 - 592856 = -90*b. What are the prime factors of b?
2, 1237
Let y be (8 - -3)/(5/50). Suppose -118*k = -y*k - 2368. List the prime factors of k.
2, 37
Let d(s) = -6*s + 11. Let f be d(-5). Suppose 2 = 42*y - f*y. What are the prime factors of (370/(-3))/(0 - y/3)?
5, 37
List the prime factors of (11/(-55))/(1/(-20)) - -5515.
5519
Suppose -275*z + 9720677 = -8657634 + 493136. What are the prime factors of z?
3, 7, 19, 163
Let f(k) be the third derivative of -k**6/120 + 2*k**5/15 + 3*k**4/8 + 17*k**3/6 - 13*k**2. Let y be f(9). Let s = y - -3. List the prime factors of s.
2, 5
Let s(i) = 122*i - 183. What are the prime factors of s(64)?
5, 61
Let a(y) = 14*y**2 + 28*y - 251. Suppose -30*z = -35*z + 45. What are the prime factors of a(z)?
5, 227
Suppose 39*b + 22150 = 278107. Suppose -6*h - 1967 = -b. What are the prime factors of h?
2, 383
Let o = -347 + 369. Suppose -o*x + 19321 = -9279. What are the prime factors of x?
2, 5, 13
Let s(v) = 1442*v**2 + 21*v - 25. List the prime factors of s(-3).
2, 5, 1289
Let b(c) = c**2 - 17*c + 27. Let d(u) = -u**2 + 17*u - 27. Let q(y) = 4*b(y) + 3*d(y). Let m be q(15). List the prime factors of 1905/(-10)*(-1)/m*-2.
127
Suppose -6*c + 1731 = -261. Let o = 68 + c. What are the prime factors of o?
2, 5
Let b = 2899 + -630. What are the prime factors of b?
2269
Suppose -7 + 48 = 5*o + 3*u, -8 = -4*u. Suppose -30 = o*z - 2*z + 3*r, -2*z - 12 = 4*r. Let d(a) = -19*a - 33. What are the prime factors of d(z)?
3
List the prime factors of ((-14977)/(-51))/(1/117).
3, 13, 881
Let k(r) be the third derivative of r**4/24 + 79*r**3/6 - 78*r**2. List the prime factors of k(-17).
2, 31
Let d = -33113 + 51329. List the prime factors of d.
2, 3, 11, 23
Let h(d) be the first derivative of d**3/3 + 3*d**2 - 15. Let m be h(-5). List the prime factors of m + 3 + 54 + -1.
3, 17
List the prime factors of 1869 + 5 + 64/(-8).
2, 3, 311
Let g = 62 - 67. Let m be g*(2 - 296/20). Let u = m + 61. What are the prime factors of u?
5
Suppose 4*q = -4*v + 21173 + 87475, 63 = -7*q. What are the prime factors of v?
3, 3019
Let l be 5*(-1)/(-20) - 2291/(-4). Let z = l + -345. Suppose 22*t - 3*t = z. List the prime factors of t.
2, 3
Let i(n) = 1751*n**2 + 14*n + 13. List the prime factors of i(-3).
2, 5, 11, 13
Let x(i) be the first derivative of -51*i**4/4 - i**3 - 2*i**2 - 4*i + 25. What are the prime factors of x(-2)?
2, 5
Let w = -563 - -1353. Suppose -98*v + 103*v = w. List the prime factors of v.
2, 79
Suppose 34*r - 17*r - 132124 = 0. List the prime factors of r.
2, 29, 67
Let l = -1578 + 16191. What are the prime factors of l?
3, 4871
Let o(v) = 4*v + 3. Suppose -4*r - 18 + 14 = 0. Let j be o(r). What are the prime factors of j - (1 - -4 - 11)?
5
List the prime factors of ((347080/48)/((-2)/(-4)))/((-2)/(-6)).
5, 8677
Let g = 80 + -85. What are the prime factors of 10*3/(-2)*g?
3, 5
Let n = 240 + -257. Let q(g) = 2*g**3 + 39*g**2 + 9*g + 2. List the prime factors of q(n).
2, 647
Let b(r) = -46*r - 30*r + 30 + 89*r. Let h be b(13). Suppose -4*o = 3*n - h, -19 = -5*n - 5*o + 306. List the prime factors of n.
61
Suppose -162*p + 39368 = -73*p - 52*p. List the prime factors of p.
2, 7, 19
Let h = -36 - -51. Suppose g - h = 5*d, 0*g - 5*g + 27 = -d. Suppose -g*t + 927 = 4*t. List the prime factors of t.
103
What are the prime factors of 2 + (7 + (-14365)/(-39))/(2/111)?
83, 251
Let v(j) = -525*j - 901. List the prime factors of v(-18).
83, 103
Suppose 3*m - 3198 = -3*s, 4*m - 21*s - 4285 = -18*s. Suppose 8*o - 4*o - 3*a = 1429, 5*a = 3*o - m. What are the prime factors of o?
2, 179
Let b = -2299 + 3409. What are the prime factors of b?
2, 3, 5, 37
Let c be (2*7/14)/((-1)/(-18)). Let y = c - 13. Suppose -36 = y*u - 896. What are the prime factors of u?
2, 43
Suppose 0 = 20*d + 2*d - 220. Suppose -d*j + 7*j = -882. What are the prime factors of j?
2, 3, 7
Let u be (-1)/5*-2 - (-636)/10. List the prime factors of u/((-25)/(-5) + -3).
2
Let s be ((-4)/(-10))/(2/1960). Suppose 2*k - s = -2*x - 2*x, -4*x = -4*k - 368. Suppose 3*n + 2*z = x, 2*n - 160 = -3*n - 5*z. List the prime factors of n.
2
Suppose -6014994 = -224*d - 85*d. What are the prime factors of d?
2, 9733
Let b = -563 + 275. Let n = 330 + b. What are the prime factors of n?
2, 3, 7
Let i(s) = s**3 - 22*s**2 + 22*s - 18. Let y = 17 + 4. Let c be i(y). Suppose 1 = 2*h + c, -3*h - 72 = -3*k. List the prime factors of 